2*s - 1013. Determine w(7).
240
Let w(l) = 2*l**2 - 33*l - 1765. Give w(-24).
179
Let t(a) = a**3 + 5*a**2 - 189*a - 1383. Calculate t(-9).
-6
Let a(r) = -6780*r - 3756123. What is a(-554)?
-3
Let o(m) = 23*m**3 + 224*m**2 + 314*m - 1. Determine o(-8).
47
Let y(k) = k**3 + 112*k**2 + 12*k + 1650. What is y(-112)?
306
Let g(l) = 749*l + 208601. Give g(-282).
-2617
Let h(j) = -18823*j - 357640. Calculate h(-19).
-3
Let p(c) = 204*c**2 + 28143*c - 1102. Give p(-138).
140
Let b(a) = 32*a**3 + 5728*a**2 - 4*a - 721. Determine b(-179).
-5
Let u(i) = -21*i**2 + 4667*i - 52973. Give u(12).
7
Let f(m) = 397*m - 9808. Determine f(26).
514
Let a(m) = -7*m**2 + 205*m - 6. Calculate a(16).
1482
Let m(o) = 35756*o**2 + 3647110*o - 203. Determine m(-102).
1
Let l(r) = r**2 + 61*r - 12436. What is l(85)?
-26
Let n(k) = -2065*k - 91705. Give n(-45).
1220
Let j(i) = -8*i**2 + 228*i + 1139. Calculate j(33).
-49
Let t(m) = -19*m**3 - 269*m**2 - 69*m - 339. What is t(-14)?
39
Let v(t) = -628*t + 1369. Give v(4).
-1143
Let w(l) = 29755*l + 208289. Determine w(-7).
4
Let n(p) = 354*p - 49892. Determine n(141).
22
Let f(s) = -16*s**3 + s**2 + 2*s + 5. Determine f(-2).
133
Let u(q) = q**3 + 303*q**2 - 2486*q + 718. Calculate u(-311).
96
Let c(j) = -j**3 - 1110*j**2 - 281779*j + 776. Determine c(-393).
-10
Let r(v) = -3248*v**3 - v**2 - 13*v + 12. Calculate r(1).
-3250
Let y(l) = 1325*l - 806921. Determine y(609).
4
Let g(h) = -42*h**2 - 2980*h - 18773. What is g(-64)?
-85
Let s(b) = -4*b**3 - 151*b**2 - 648*b - 212. Calculate s(-33).
481
Let z(m) = m**2 - 3272*m + 48886. Give z(15).
31
Let v(g) = 2*g**2 + 1782*g - 242538. Calculate v(120).
102
Let f(r) = -1446*r + 3109. What is f(2)?
217
Let t(v) = -4*v**3 + 89*v**2 - 69*v + 47. Give t(20).
2267
Let k(q) = 185*q**2 - 1295*q + 9. Give k(8).
1489
Let w(g) = 4*g**2 - 129*g - 4399. Give w(-26).
1659
Let u(z) = -6*z**3 + 261*z**2 - 59*z + 1101. Calculate u(43).
4111
Let z(i) = i**3 - 1347*i**2 + 90606*i - 12812. Calculate z(1276).
-52
Let v(q) = 387*q**3 - q**2 - 1034*q - 1035. Give v(-1).
-389
Let k(y) = -12735*y - 267434. What is k(-21)?
1
Let x(t) = -9*t**2 + 877*t - 4932. What is x(6)?
6
Let i(v) = -v**3 - 71*v**2 + 2410*v + 971. Give i(-96).
11
Let f(y) = 20008*y - 800116. Give f(40).
204
Let s(w) = -1495*w + 59791. What is s(38)?
2981
Let b(q) = -29*q**2 + 61*q + 370. Calculate b(-12).
-4538
Let y(h) = -51060*h + 408487. What is y(8)?
7
Let l(k) = 336*k - 188512. Calculate l(561).
-16
Let p(k) = -19*k**3 + 491*k**2 + 103*k - 617. What is p(26)?
33
Let u(j) = -j**3 - 16*j**2 + 556*j + 9374. Calculate u(-18).
14
Let l(z) = -531*z - 12645. Give l(-24).
99
Let l(m) = -20*m**2 + 26314*m - 312890. Determine l(12).
-2
Let y(x) = 4*x**2 - 317*x + 173. Determine y(79).
94
Let q(x) = -7037*x - 70370. What is q(-10)?
0
Let s(y) = 3583*y - 17870. Calculate s(5).
45
Let a(d) = -22*d**2 + 1988*d + 3304. Determine a(92).
-8
Let w(k) = k**3 + 224*k**2 - 452*k - 2216. Give w(-226).
-2216
Let s(d) = 87314*d - 5413474. Give s(62).
-6
Let c(h) = 20*h + 418. Give c(-27).
-122
Let f(i) = -24*i**3 - 4*i**2 + 199*i + 800. What is f(-4)?
1476
Let k(f) = 25594*f + 204757. Determine k(-8).
5
Let l(r) = -23*r**2 - 3923*r + 1659. Give l(-171).
-51
Let i(z) = 7*z**2 + 748*z - 3909. Give i(5).
6
Let m(n) = 2112*n - 74112. Determine m(35).
-192
Let j(m) = 379*m**2 - 2708*m + 346. Give j(7).
-39
Let z(h) = -744*h**2 + 4531*h + 9. What is z(6)?
411
Let o(l) = 4503*l - 634929. Determine o(141).
-6
Let i(r) = -28*r**2 + 240*r - 499. Calculate i(4).
13
Let c(i) = -30*i**2 + 7307*i - 4134. Give c(243).
-3
Let p(c) = -23483*c**2 + 93940*c - 10. Determine p(4).
22
Let v(o) = 1112*o + 53. Determine v(1).
1165
Let b(v) = -v**3 + 213*v**2 + 1754*v - 122. Determine b(-8).
-10
Let a(o) = -o**3 + 105*o**2 - 73*o - 3245. What is a(104)?
-21
Let u(d) = 1531*d + 26119. What is u(-17)?
92
Let y(c) = c**3 - 157*c**2 + 1905*c - 4847. What is y(144)?
-95
Let t(i) = i**3 - 220*i**2 + 1492*i - 29. Calculate t(7).
-22
Let a(t) = 2604*t - 182304. What is a(70)?
-24
Let n(r) = -2*r**3 - 10*r**2 - 256*r - 1010. Calculate n(-4).
-18
Let v(x) = -14572*x - 3905304. Determine v(-268).
-8
Let u(k) = -8*k**3 + 415*k**2 + 51*k + 35. Calculate u(52).
-17
Let u(d) = 46*d - 4338. Give u(81).
-612
Let i(h) = 97*h + 4265. Give i(-46).
-197
Let y(f) = -53552*f + 10924587. Determine y(204).
-21
Let c(o) = -164*o**2 + 359*o - 115. What is c(4)?
-1303
Let h(w) = -4*w**3 - 49*w**2 - 15*w - 213. Give h(-14).
1369
Let p(t) = 4*t**2 + 1682*t - 139569. What is p(71)?
17
Let b(z) = -z**3 + 25*z**2 + 29*z - 862. What is b(25)?
-137
Let l(b) = -4*b**3 - 19*b**2 - 162*b + 10. Determine l(-6).
1162
Let u(z) = 2*z**3 - 25*z**2 - 220*z - 91. Determine u(20).
1509
Let x(w) = w**2 + 10444*w + 146027. Determine x(-14).
7
Let v(i) = 6*i**3 - 1762*i**2 + 4657*i - 313. What is v(291)?
-22
Let j(m) = 370*m + 5126. Calculate j(-14).
-54
Let k(v) = -2933*v**2 + 17598*v - 12. Calculate k(6).
-12
Let a(q) = 27444*q - 521559. Calculate a(19).
-123
Let q(f) = f**3 - 10*f**2 - 167*f - 187. Determine q(-8).
-3
Let c(z) = z**3 - 10*z**2 + 8989*z - 80979. Determine c(9).
-159
Let s(l) = 21*l**3 + 161*l**2 - 22*l + 145. Give s(-8).
-127
Let t(a) = 4690*a - 1861930. Calculate t(397).
0
Let q(k) = 911*k - 116739. Calculate q(128).
-131
Let y(g) = -2*g**3 - 9*g**2 + 45*g + 310. Calculate y(-7).
240
Let x(s) = -8465*s + 220074. Calculate x(26).
-16
Let f(y) = -y**2 + 62*y + 10284. What is f(143)?
-1299
Let u(n) = -34*n**2 - 610*n + 3960. Calculate u(-23).
4
Let v(z) = 3*z**2 - 445*z + 8873. Calculate v(20).
1173
Let f(n) = -n**3 - 6*n**2 + 130*n - 6. Give f(0).
-6
Let d(n) = 60626*n - 363865. Give d(6).
-109
Let a(m) = -4*m**3 - 101*m**2 + 90*m + 2870. Determine a(-25).
-5
Let g(t) = t**3 + 11*t**2 - 40*t + 15. Determine g(-14).
-13
Let m(q) = -q**2 + 636*q - 15245. Calculate m(25).
30
Let t(d) = -d**2 - 415*d + 166244. Give t(-665).
-6
Let h(k) = -k**3 - 136*k**2 + 231*k - 5958. Give h(-138).
252
Let j(o) = -1162*o**2 + 21976*o + 1934. Calculate j(19).
-4
Let m(a) = -a**3 + 156*a**2 - 899*a - 69. Determine m(150).
81
Let h(f) = -465*f**2 + 61844*f + 147. What is h(133)?
14
Let t(f) = 193848*f - 4264661. Give t(22).
-5
Let f(g) = -72*g**2 - 23757*g + 974. Calculate f(-330).
-16
Let d(q) = -3*q**3 + 26*q**2 + 8*q - 44. Give d(9).
-53
Let s(z) = 2*z**3 - 92*z**2 + 69*z + 1100. Calculate s(45).
155
Let i(p) = -44953*p + 89989. Calculate i(2).
83
Let u(p) = -4*p**2 - 75*p - 585. Determine u(-21).
-774
Let o(a) = -921*a - 15897. Give o(-16).
-1161
Let a(f) = -4*f**3 - 244*f**2 + 2510*f - 696. Determine a(-70).
4
Let x(b) = 769*b + 137102. Give x(-178).
220
Let o(x) = x**3 - 8*x**2 - 70*x. Determine o(13).
-65
Let z(p) = -5203*p + 483878. Determine z(93).
-1
Let h(b) = -432*b - 11630. What is h(-27)?
34
Let z(k) = k**3 + 233*k**2 - 2448*k - 6. What is z(10)?
-186
Let g(d) = 21*d**3 - 126*d**2 + 426*d - 2588. What is g(6)?
-32
Let w(j) = -354823*j + 2483813. What is w(7)?
52
Let d(b) = 3*b**2 + 539*b + 21421. Calculate d(-120).
-59
Let w(r) = -r**3 - 50*r**2 - 647*r - 16830. Calculate w(-44).
22
Let n(h) = h**3 - 9*h**2 - 352*h + 81. What is n(-15)?
-39
Let k(v) = -13*v**2 - 743*v + 2945. Determine k(4).
-235
Let q(m) = m - 604. Give q(88).
-516
Let g(o) = 184*o**2 - 2956*o - 17. What is g(16)?
-209
Let m(d) = d**3 + 118*d**2 + 3119*d - 144. Determine m(-78).
-66
Let x(p) = -125*p**2 - 1583*p - 991. What is x(-12)?
5
Let g(m) = -1488*m + 7247. Give g(5).
-193
Let k(h) = h**2 - 2925*h + 123836. Give k(43).
-90
Let m(u) = 2*u - 59. Determine m(-34).
-127
Let r(m) = -2*m**3 + 81*m**2 + 4*m + 493. Give r(41).
-1024
Let q(n) = -35132*n + 210738. Determine q(6).
-54
Let p(l) = -27*l**3 - 89*l**2 + 94*l - 1. Determine p(1).
-23
Let l(i) = 1544*i + 704121. Determine l(-456).
57
Let o(l) = -l**3 - 29*l**2 - 266*l - 11109. What is o(-33)?
2025
Let n(x) = 343*x - 30887. What is n(90)?
-17
Let m(q) = 128*q**2 - 4013*q + 183. Determine m(31).
-1212
Let c(q) = -946*q - 79431. What is c(-84)?
33
Let n(d) = -7*d**2 + 240*d + 724. What is n(38)?
-264
Let y(o) = 2*o**2 - 1371*o + 26601. Determine y(20).
-19
Let z(l) = -666*l**2 + 35*l + 37. Give z(-1).
-664
Let a(z) = 37171*z + 37168. What is a(-1)?
-3
Let t(x) = 96471*x + 675299. Give t(-7).
